.
5
Let q(c) = 10*c**3 - c**2 + 3*c - 1. Let a be q(2). Let v = a - 73. Calculate the remainder when 30 is divided by v.
6
Suppose 0 = -3*o - 5*f + 25 + 22, 3*f = -3*o + 45. Suppose 0 = o*s - 68 - 226. What is the remainder when 58 is divided by s?
16
Let d(k) = k**3 + k**2 + k + 27. Let r(g) = 8*g + 29. Let x(f) = 9*f + 28. Let w(i) = 2*r(i) - 3*x(i). What is the remainder when w(-12) is divided by d(0)?
25
Calculate the remainder when 47 is divided by (-4094)/(-345) + ((-8)/(-15))/4.
11
Suppose z - 3*z + 134 = -5*t, -t - 304 = -4*z. Let x = z - 53. Let q = 149 + -104. Calculate the remainder when q is divided by x.
21
Let s = -1 - -3. What is the remainder when 2 + -2 + s + 133 is divided by 34?
33
Suppose 3*l = -4*f + 66, -24 = -f + 2*l + l. Suppose -f*a + 7*a + 594 = 0. What is the remainder when a is divided by 14?
12
Let k be ((-35)/10)/((-1)/4). Suppose -6*c - 256 = -k*c. Calculate the remainder when 95 is divided by c.
31
Suppose 22 = 2*i - 3*y + 2*y, 5*i - 49 = 4*y. Calculate the remainder when 246 is divided by i.
12
Let j(p) = -33*p + 169. What is the remainder when 18 is divided by j(5)?
2
Suppose 5*y - 2 + 107 = 0. Let v = 12 - y. Suppose -4*b + 58 = 5*n - 3*b, 5*b = 2*n - 34. Calculate the remainder when v is divided by n.
9
Suppose -1826 = -30*q + 2284. What is the remainder when q is divided by 14?
11
Suppose -9*g = 7*g - 160. What is the remainder when g is divided by 9?
1
Let h = -142 - -90. Let x = h - -119. Calculate the remainder when x is divided by 35.
32
Suppose -142 = 11*d - 549. Calculate the remainder when 257 is divided by d.
35
Suppose 18012 = -112*a + 191*a. What is the remainder when a is divided by 32?
4
Let j = 56 - -1. Suppose -3 = -4*y + 5. Calculate the remainder when j is divided by (-1)/(y/(-30) - 0).
12
Suppose 0 = -99*a + 1509 - 161 + 4196. Suppose -3*m = n - 0*n - 41, 2*n - 5*m = 38. Calculate the remainder when a is divided by n.
27
Suppose -2*c + c = -52. Suppose -2*p + c = -g + 2, -g + 2 = 0. What is the remainder when p is divided by (-2)/3 + (-29)/(-3)?
8
What is the remainder when 124 is divided by ((-72)/(-16))/(2/8)?
16
Let b(m) = -m**2 + 9*m - 10. Let x be b(6). Suppose 0 = -x*q + q + 133. Calculate the remainder when q is divided by 13 + (-2)/(-2) + -3.
8
Let n be (-2)/(-1)*(-171)/(-18). Suppose 4*w = -f + n, 3*w - 23 = -2*f - 0*w. Let v(p) = p**2 + p + 2. What is the remainder when f is divided by v(-2)?
3
Suppose -4*m + 8 = 0, l - 4*l = 2*m - 3070. What is the remainder when l is divided by 33?
32
Suppose -x = -3*j + 1066, -5*x + 20 = -10*x. What is the remainder when j is divided by 72?
66
Let p(k) = 25*k - 11. Let q(v) = -v**2 + 28*v - 176. Calculate the remainder when p(10) is divided by q(17).
8
Let j = 103 - 101. Suppose -h + 6*h - 83 = n, 72 = 4*h + j*n. What is the remainder when 99 is divided by h?
14
Suppose -22*z - 52*z + 2960 = 0. Calculate the remainder when z is divided by 152/7 - (-2)/7.
18
Suppose -5*a - 5*p = -245, 2*a + 4*p + 0*p - 98 = 0. What is the remainder when a is divided by 48?
1
Let l = -120 + 81. Let o = l + 92. Calculate the remainder when o is divided by 14.
11
Let v = 550 + -533. Suppose -6*c + q = -4*c - 132, c = -2*q + 66. Calculate the remainder when c is divided by v.
15
What is the remainder when (-6)/(-18) + (-24)/(-36) - -42 is divided by (-2)/(-1) + -3 + 26?
18
Let f = -1021 - -1154. What is the remainder when f is divided by 37?
22
Let n(f) = -2*f**3 + 21*f**2 + 7*f - 13. What is the remainder when n(9) is divided by 59?
57
Suppose 5*j - 156 = c, 2*j - 42 = -2*c + 18. What is the remainder when j is divided by 1 - -2 - (-6 + 0)?
4
Let p(l) = 2*l**2 - 17*l + 103. Calculate the remainder when p(5) is divided by 23.
22
Let y(g) = g**2 + 19*g - 33. Let f be y(-21). Suppose 25 = t - f. What is the remainder when t is divided by 19?
15
Let p be (12/30)/((-2)/(-5)). Suppose -p - 177 = -2*u. Calculate the remainder when u is divided by 30.
29
Let a(k) = k**3 - 2*k**2 - k + 2. What is the remainder when a(4) is divided by 18?
12
Calculate the remainder when (-4 - 1)*(0/(-2) + -2) is divided by 8.
2
Suppose -384 = -15*m - m. Calculate the remainder when 29 is divided by m.
5
Let c(y) = -y - 10. Let k be c(-10). Suppose 5*u = -2*d + 14, 3*u - 1 - 11 = k. Let i = 9 - d. Calculate the remainder when i is divided by 5.
2
Suppose -2*d + 155 = 3*d. Suppose 0*u = 5*u + 15, -5*u = -2*h + d. Suppose 4*s = -s + 20, 5*w + s = 29. What is the remainder when h is divided by w?
3
Let i be 7*1 + -5*14/35. Suppose -27 = -5*g - i*w + 88, -3*w + 88 = 4*g. Calculate the remainder when 32 is divided by g.
13
Calculate the remainder when 204 is divided by ((-3)/3)/((-4)/92).
20
Let x = 122 - -50. Calculate the remainder when x is divided by (-170)/(-6) + (-2)/(-3).
27
Let m = 1 + 3. Suppose 0*b + 2*b - 22 = m*r, 2*r - 5*b = -23. Let f(w) = -3*w - 8. What is the remainder when 5 is divided by f(r)?
1
Suppose 24 = 5*v + 4. Let d be (15 + 1)/((-8)/(-32)). Suppose y + d = 4*u, 5*u - y = 2*y + 87. Calculate the remainder when u is divided by v.
3
Suppose -c - 26 = 5*x, 4*c + 4 = 5*c - 5*x. Suppose 0*h - 52 = -4*h. Calculate the remainder when 0 + (-10)/(-55) + (-548)/c is divided by h.
11
Suppose 16 = v + 3. Let g(d) = -21*d**2 + 13*d**2 + 4 - d**3 - d + 15*d**2. Calculate the remainder when g(5) is divided by v.
10
Suppose 0 = -v - 0*v + 48. Let o = v - 21. What is the remainder when o is divided by ((-9)/((-45)/(-8)) + 3)*10?
13
Suppose -32*h + 250 = 4*k - 34*h, -2*k + 107 = 5*h. Calculate the remainder when k is divided by 5.
1
Let q(w) = 3*w + 3. Let n be q(-4). Let t = -226 - -232. Calculate the remainder when 17 is divided by n/t - 13/(-2).
2
Let q = 28 - 35. Let k = 7 - q. Suppose -4*o = -0*v + 2*v - 224, 4*v = -2*o + 118. What is the remainder when o is divided by k?
13
Let m = -9 - -11. Let n(f) = 6*f**2 - f + 1. Suppose 0 = -4*p + p + 36. What is the remainder when n(m) is divided by p?
11
Let r = -577 - -653. Calculate the remainder when r is divided by (-4)/18 + 706/18.
37
Suppose -2*v - f = -30 - 114, -2*f = -2*v + 132. What is the remainder when 187 is divided by v?
47
Let t = -574 + 584. Suppose 130 = 5*a - 50. Calculate the remainder when a is divided by t.
6
Suppose -62*z + 68*z = 306. What is the remainder when 406 is divided by z?
49
Let s = -315 + 376. Calculate the remainder when s is divided by 6.
1
Let i(h) = 2*h**2 + 3*h - 108. Suppose -s = 4*s + 3*j - 58, 4*s - 5*j - 76 = 0. What is the remainder when i(9) is divided by s?
11
What is the remainder when (0 + -178)*(-2)/2*1 is divided by 19?
7
Suppose 10*f - 72 = 4*f. Suppose -2*v + 2 = -2*z, 2*z + 0*z - 28 = -4*v. What is the remainder when f is divided by v?
2
Let a(t) = 2*t**2 + 5*t - 1. Let m(y) = -y**2 + 13*y - 1. Let h be (1*-7)/(-1 - 0). What is the remainder when m(h) is divided by a(-4)?
8
Let p(d) = -2*d + 10 + 7*d + 0*d. What is the remainder when p(5) is divided by 9?
8
Let u(l) = -2*l**3 + 35*l**2 - 14*l + 11. What is the remainder when 556 is divided by u(17)?
60
Let v = -21 - -37. Suppose v = 3*g + g. Calculate the remainder when g is divided by 2.
0
Suppose 694 = -34*s + 3584. What is the remainder when 521 is divided by s?
11
Let z(d) = -7*d + 134. What is the remainder when z(-19) is divided by 27?
24
Suppose 0 = -m - 2*n + 31, m - 3*m = -2*n - 50. Let k = 159 + -147. Let u = 22 - k. Calculate the remainder when m is divided by u.
7
Let p(c) = -c + 14. Let y(m) = 4*m - 2. Let v be y(3). Suppose 343*j - 344*j + 10 = 0. Calculate the remainder when j is divided by p(v).
2
Let b = -13 - -22. Suppose 8*o = 2*o - 72. Let k = o + 15. Calculate the remainder when b is divided by k.
0
Suppose -2 - 9 = -r. What is the remainder when ((r/(-4))/(-1))/((-2)/(-40)) is divided by 14?
13
Let w(r) = -r**3 + r**2 + 2. Let x be w(0). Suppose -2 = -2*b + 3*d, 4*b - 6 = 5*d + x. What is the remainder when 32 is divided by b?
4
Suppose 0 = -7*n - 63 + 7. Suppose 0*l + 46 = 2*l. Calculate the remainder when l is divided by (1/(-4))/(n/160).
3
Let g(h) = -h**3 + 16*h**2 + 46*h - 41. Calculate the remainder when g(18) is divided by 5.
4
Let q(g) = 2*g**2 - 45*g - 237. What is the remainder when 145 is divided by q(-5)?
31
Let s = -11 - -47. Suppose s*z - 23*z = 520. Calculate the remainder when z is divided by 25.
15